e factors of 42/n*v/9.
7
Let l(h) = -h**3 + 5*h**2 + 6*h + 5. Let c(u) = -5*u. Let w be c(-1). Let q be 2/w - 28/(-5). What are the prime factors of l(q)?
5
Let d be 12/(-2)*38/(-6). Let c(w) = -w**3 + 3*w**2 - 4*w + 5. Let y be c(4). Let q = y + d. List the prime factors of q.
11
Let h = 0 - -10. Let j(x) = 11*x**2 - 4*x**2 - h*x + 11*x. What are the prime factors of j(1)?
2
Suppose -5*n - 49 = -2*o, 4*o + n = -n + 110. List the prime factors of o.
3
Let z be 0/2 + 1 + 1. Suppose -15 = -z*b - b. Let s = b + -3. What are the prime factors of s?
2
Let u(b) = b**2 - 9*b - 17. What are the prime factors of u(12)?
19
Let d = 118 + -70. What are the prime factors of d?
2, 3
Let l(w) = -w**3 + 2*w**2 + w. Let k be l(2). Let b(h) = -5*h. Let t be b(-3). Suppose -c + k = -t. List the prime factors of c.
17
Let k(d) = 3*d + 3. What are the prime factors of k(8)?
3
Let v be (6 - 1) + (-2 - 0). Suppose -u + v*u - 42 = 0. List the prime factors of u.
3, 7
Suppose 0 = -2*w - 32 + 10. Let h = 17 + w. Suppose 0 = x - 3*n + h, 2*x - 4*n = -0*x - 4. What are the prime factors of x?
2, 3
Suppose 0 = -0*h + h + 2*v - 12, 10 = h + 3*v. Let j = h - 10. List the prime factors of (1 - 0)*(j - -1).
7
Let j be 306/7 + 10/35. Suppose -6*h = -3*h - 5*u - j, -5*h - 5*u + 60 = 0. Let s = 20 - h. What are the prime factors of s?
7
Let o = -53 + 71. What are the prime factors of o?
2, 3
Let q = 93 - 39. List the prime factors of q.
2, 3
Suppose -g - 4*u - 11 = -6*g, -g - u + 4 = 0. List the prime factors of g + (10 - (-3 + 2)).
2, 7
Suppose z - 8 = -3*z. Suppose -18 + 0 = -z*q. What are the prime factors of q?
3
Let w be 6/(-3) + -4 + 1. Let y = 11 + w. List the prime factors of (68/y)/((-2)/(-3)).
17
Suppose 0 = -4*h - 6 - 34. Let v be (-8)/h*5*1. Suppose -v*a + 28 = -0. List the prime factors of a.
7
List the prime factors of 258 - (-6 - (-5 - -3)).
2, 131
Let z(n) = 8*n**2 + 4*n + 47. List the prime factors of z(-5).
227
Suppose -19*c = -15*c - 428. What are the prime factors of c?
107
Suppose -4*l = -2*l - 16. What are the prime factors of (0 + 12)*(-7 + l)?
2, 3
Suppose 0 + 124 = 4*c. List the prime factors of c.
31
Suppose 0 = p - 3*g - 36, 3*p + 2*p + 2*g = 248. What are the prime factors of p?
2, 3
Let m(d) = d**2 + 3*d - 2. Let v be m(-4). Suppose -4*s + 8 = -0*z + 2*z, 2*z - s + v = 0. Suppose z = -2*g + 4. List the prime factors of g.
2
Let m be (2/(-3))/(12/(-18)). Let s(v) = m + 5 + 2 - 1 - v. What are the prime factors of s(3)?
2
Let s = -7 + 72. List the prime factors of s.
5, 13
Suppose -2 + 7 = z. Suppose q = 2*n - 43, -n + 39 = q - z*q. List the prime factors of n.
19
Let c(j) = j + 15. Let v be c(-16). Let d(b) = -31*b**3 + 2*b**2 + 2*b + 1. List the prime factors of d(v).
2
Suppose 80 = 4*n - 9*n. Let t be 37/4 - (-4)/n. Let v = t + -7. What are the prime factors of v?
2
Let d be (-3)/6*-14*1. Suppose -10 = -2*k + d*k. List the prime factors of 6/(-3) + 11 + k.
7
Let w(z) = -4*z**3 - z**2 - z. Let r be w(-1). Let l be (-2)/2 + 12/r. Let a = l + 2. What are the prime factors of a?
2
Let d(o) be the third derivative of -o**6/120 + o**5/60 + o**4/24 + 2*o**2. Suppose 8 = -4*l - 0. What are the prime factors of d(l)?
2, 5
Let u(k) = k**3 + 6*k**2 + 4*k + 3. Let s be u(-5). Let f be (15/6 - 2)*s. Let g = f - -3. List the prime factors of g.
7
Let r(u) = 25*u**2 - 2*u + 1. Let i be r(1). Suppose -5*y + 26 = -i. List the prime factors of y.
2, 5
Let s(a) be the third derivative of -a**5/60 - a**4/3 - 5*a**3/6 + 2*a**2. What are the prime factors of s(-7)?
2
Let r = 677 + -303. List the prime factors of r.
2, 11, 17
List the prime factors of (-14)/35 + 1222/5.
2, 61
Let l(k) = -k - 2. Let z be l(-5). Suppose 0 = 4*g - 2*m - 12, -4*m - m = -g + z. Suppose -g*q + 5*q - 12 = 0. List the prime factors of q.
2, 3
Suppose 5*l - 82 = 63. What are the prime factors of l?
29
Let m(c) = c**3 + 8*c**2 + 6*c - 2. Let z be m(-7). Suppose 0 - z = -o. What are the prime factors of o?
5
Let g = 272 + -30. What are the prime factors of g?
2, 11
Suppose -4*s = s - 20. Suppose 2*p + s = 4*p. Suppose -56 = -4*n - 2*l, -p*l + 18 = n + 4. What are the prime factors of n?
2, 7
Suppose 2*p + 0*w = -5*w + 52, 0 = p + 2*w - 25. Suppose 0 = 3*g + g + 4*j - 48, -2*g - j = -23. Suppose 0 = -4*h + p + g. List the prime factors of h.
2
Let b(q) = q**3 + 6*q**2 - 2*q. List the prime factors of b(-5).
5, 7
Suppose 2*b + 0*y = 5*y + 10, -2*y - 4 = -4*b. Suppose b*s - 7 = -s. What are the prime factors of s?
7
Suppose 0 = 2*z + 2*z + 2*t - 272, 0 = 4*z - 2*t - 256. List the prime factors of z.
2, 3, 11
Let v(l) = -l - 5 + 3 + 4. Let o be v(-9). Suppose 4*w = -3 + o. List the prime factors of w.
2
Let j(l) = l**3 - 3*l**2 - l - 4. Let t be j(3). Let w(h) = -5 + 3 - 3 + 1 - 8*h + h**3 + 6*h**2. List the prime factors of w(t).
3
Let s(l) = l**3 + 12*l**2 - 6*l + 13. List the prime factors of s(-11).
2, 5
List the prime factors of 2/3*(289 + -3 + 2).
2, 3
Let w(t) = -t**2 + 5*t + 5. Let i be w(5). Suppose -4*l + 3*r + 34 = 6*r, i*l - 41 = -3*r. List the prime factors of l.
7
Suppose 18 = -0*v + 3*v - 3*s, 18 = 5*v - 2*s. Let i be 3/v*(-36)/(-27). Suppose -9 = -3*f + i*f. What are the prime factors of f?
3
Suppose -304 = -13*z + 11*z. List the prime factors of z.
2, 19
Suppose -3*k + 6*k - 60 = 0. What are the prime factors of k?
2, 5
Let j = 151 + -105. What are the prime factors of j?
2, 23
Suppose -7*i + 3*i + 20 = 4*t, -4*t - 3*i = -20. List the prime factors of t.
5
Let s(z) = 226*z**2 - 2*z + 3. List the prime factors of s(1).
227
Let r(g) = 4*g - 20. List the prime factors of r(16).
2, 11
Let a(j) = 3*j + 6. Let l be a(5). Suppose z + 4*z = y - l, -5*y = -3*z + 5. Let k = y - -6. List the prime factors of k.
2
Let g(z) = -z**3 - 4*z**2 + 14*z + 12. What are the prime factors of g(-7)?
61
Let z(s) = 5*s**3 - 8*s**2 + 24*s - 2. List the prime factors of z(4).
2, 11, 13
Let j be (-4)/(-5) + (-3)/(-15). Let r = j + 9. List the prime factors of r.
2, 5
Let i = 5 + 7. Let x = 22 - i. List the prime factors of x.
2, 5
Let m = -334 + 643. List the prime factors of m.
3, 103
Let t(d) = d**3 - d**2 - 5*d + 2. List the prime factors of t(3).
5
Suppose -5*b + 5 = 0, -3 = -4*f + 2*b + 15. List the prime factors of f.
5
Suppose 184 = 15*q - 13*q. What are the prime factors of q?
2, 23
Suppose 2*y + i = -6 - 16, 0 = -5*y - 4*i - 58. Suppose x - 7 = -p - 2, -4*x + 17 = p. What are the prime factors of p + (0/(-3) - y)?
11
Suppose 5*x = b + 26, x + 6 = 4*b - 4. Let u(t) = -t**2 + 8*t - 5. What are the prime factors of u(x)?
7
Let g be (-3)/(6/22)*1. Let f(p) = -7*p + 7. Let d(s) = 10*s - 11. Let b(y) = -5*d(y) - 7*f(y). What are the prime factors of b(g)?
17
Let b(x) = x**3 - 6*x**2 + 2. Let g be b(6). Let n(v) = 8*v - 3. What are the prime factors of n(g)?
13
Let h be 8/(-10)*(-1 - -6). Let i be ((-8)/10)/(h/10). List the prime factors of i/((-15)/21 + 1).
7
Suppose 4*t + 2*u = -0*t + 18, -4*t = -5*u - 25. Suppose i + 3*i - 12 = -t*m, -3*m - 3 = -i. Suppose 2*g - 4*g + 4 = m. List the prime factors of g.
2
Let i = -21 - -57. What are the prime factors of i?
2, 3
Let w(d) = d - 3. Let y = -1 - -3. Suppose 0 = 3*o + y*o - 25. List the prime factors of w(o).
2
Suppose -2*b = -2*t + 108, -t + 141 = 2*t + 4*b. Suppose -h + t = 2*h. Suppose 59 + h = 4*l. What are the prime factors of l?
19
Suppose -2*j + p + 161 = 0, 137 + 103 = 3*j - 3*p. List the prime factors of j.
3
List the prime factors of ((-639)/(-12))/(-3)*(-16)/4.
71
Let d = 6 + 25. What are the prime factors of d?
31
Suppose u = -3*w + 210, -130 = -5*w + 2*u + 209. What are the prime factors of w?
3, 23
Let f be 5/(20/368) + -3. Suppose -3*k = -f + 32. What are the prime factors of k?
19
Let j = 18 + -13. Suppose 0 = 5*k - 4*z - 46, -j*k - 3*z = 1 - 19. What are the prime factors of k?
2, 3
Suppose -8 = 3*d - 2*t, 6*d - d = 4*t - 12. Let g be 1/d - (-37)/4. Let i = g + -4. What are the prime factors of i?
5
Suppose 6*w - 9 = 3*w. Let x = 2 - w. List the prime factors of (-4)/5*(-14 + x).
2, 3
Let u = -43 - -135. List the prime factors of u.
2, 23
Let h(t) = -3*t - 11. Let q(v) = -2*v - 6. Let w(m) = -m**2 - m - 3. Let y be w(0). Let u(p) = y*h(p) + 5*q(p). List the prime factors of u(-7).
2, 5
Let n(l) = 19*l**3 - 11*l**2 - 14*l. Let h(x) = 6*x**3 - 